t v(h) = -h**3 + 6*h**2 - 4*h - 1. Let r be v(5). Suppose m = -r*l + 7, 4*m - 6 = 2*l - 14. Let c(z) = -2 + 2*z**2 - 3*z**2 - 4*z + 6*z. Calculate c(l).
-2
Let p = -1632 - -3265/2. Let g(o) be the first derivative of 3*o - 1/3*o**3 - p*o**2 - 6. What is g(4)?
-17
Let y be (-2)/12*1 + (-45)/54. Let n(b) = -15*b**2. Determine n(y).
-15
Let b(f) be the third derivative of -11*f**6/120 - f**5/30 + f**3/6 - 7*f**2. Let w(n) = 2*n**2 - 22*n + 21. Let i be w(1). Give b(i).
-12
Let w(p) be the first derivative of -p**4/4 + 8*p**3/3 - 9*p**2/2 + 8*p + 73. Determine w(7).
-6
Let r(w) = -w**2 - w + 1. Let n be r(-2). Let c(k) be the second derivative of -3*k**5/10 - k**4/12 - k**3/6 + 169*k. Calculate c(n).
6
Let l(t) = -2*t - 1 + 2*t**2 + 4*t**2 + 3*t. Let x(u) be the second derivative of -u**3/6 + 13*u**2/2 + 13*u. Let w be x(12). Determine l(w).
6
Let i be 2/(-4) + (-132)/(-24). Let z(c) = -1331 + 4*c - i*c + 1333. Calculate z(2).
0
Let f(s) = 3 - 2*s + 0 - 5 - 1 - 3. What is f(-6)?
6
Let a be 5*((-72)/30 - -3). Let w(s) = -s - 6. What is w(a)?
-9
Let s(m) = 1243*m**3 + 2*m - m - 43 + 1245*m**3 + m**2 - 2487*m**3. Give s(0).
-43
Let a(c) = -46*c**3 + 12*c**2 + 12. Let f(g) = -19*g**3 + 5*g**2 + 5. Let p(k) = 5*a(k) - 12*f(k). Calculate p(-1).
2
Let t(n) = 4*n**2 - n - 1. Let i = -2 + 0. Give t(i).
17
Let y(z) = z**2 - 6*z + 1. Suppose w = 2*i - 6, -4*w - 5*i = 62 - 12. Let d = -5 - w. Suppose -2*x = -3*p + 14, 3*p - 14 = -p + d*x. Give y(p).
1
Suppose -f = -3*f + 46. Let u(i) = -22 + 2*i - i**2 + f + i. Determine u(2).
3
Let r(a) = -a**3 - 9*a**2 + 2. Let t be r(-9). Suppose -5*d - 6*x = -x - 30, -d + 6 = -t*x. Let c(u) = u - 3. What is c(d)?
3
Let n(q) be the second derivative of q**4/24 + 2*q**3/3 - 27*q**2/2 + 11*q. Let g(l) be the first derivative of n(l). Calculate g(-6).
-2
Let p = -34 + 39. Suppose 5*i - 5 = 0, j + 3*i - 29 = -i. Suppose -a + 5 = -d, -2*a = -p*d - 0*d - j. Let n(t) = t - 4. Calculate n(a).
-4
Let b(z) = -47 + 2*z + 105 - 3*z**2 - z**3 - 57 - z**2. Suppose -3*u - 5*l - 5 = 2*u, 0 = -2*u - 4*l + 4. Calculate b(u).
-7
Let z(o) = -o + 0*o + 0 + 19. Let w(d) = -d + 20. Let t(n) = 6*w(n) - 7*z(n). Determine t(7).
-6
Let u(x) = -2*x**3 - 18*x**2 + 18*x - 18. Let o be u(-10). Let q(h) be the second derivative of -h**o + 1/6*h**3 + 0 - 7*h. What is q(-3)?
-5
Let d(s) = -13*s + 16. Let h be (4 + -7)/(3/(-7)). Let f(z) = -z + 1. Let x(j) = 5*j - 7. Let a(g) = -4*f(g) + x(g). Let t(p) = h*a(p) + 5*d(p). Give t(-3).
9
Let y(q) = -7*q**2 + 2*q + 5. Let k(x) = 12*x**2 - 3*x - 10. Let a(g) = 3*k(g) + 5*y(g). What is a(-5)?
15
Let o(a) = a - 1. Suppose h = 5*c + 29, 3*c - 3*h + 0*h = -15. Give o(c).
-7
Let h(y) = -y**3 + 3*y + 2. Let s be h(-2). Let c(f) = 25*f - 24*f - 3 - s. Calculate c(-5).
-12
Let x be (0/(-4))/4 - (-3)/3. Let r(j) = -5*j + x - 12*j + 0 + 14*j. Let k be 3/((-6)/4)*1. Determine r(k).
7
Let t(c) = 21*c + c**2 + 2 - 24*c - 2*c**2 + 2*c**2. Let i = -221 + 224. Determine t(i).
2
Let v be 0 + 10 + (1 - 4). Let x(a) = -6*a + 5*a**2 - 2*a**3 - 3*a**2 - v*a + 7*a**2. Let g(l) = -l**3 + 4*l**2 - 6*l. Let f(t) = 13*g(t) - 6*x(t). Give f(-2).
0
Let m(l) = 781*l - 180 - 780*l + 166. Determine m(17).
3
Let z(x) be the second derivative of x**3/6 + 3*x**2 - 38*x. Suppose 4*d - 24 = 4. Determine z(d).
13
Let t(h) = -246*h + h**3 - 2*h**2 + 115*h + 132*h. What is t(1)?
0
Suppose 0 = -3*l - 3*a + 33, 8 = -3*l + 5*a + 81. Let n be (-4)/(l/(-3) + 4). Let k(g) = -g**3 + 2*g**2 - g + 1. Give k(n).
-11
Suppose -252 = -18*n + 60*n. Let t(p) = 7*p + 31. Determine t(n).
-11
Let a(x) = -x**2 - 3*x + 5. Let c be 1*-5 + 0 + 0. Let i be a(c). Let v(r) = 15 + 0*r - 50 + 20 + 11 - r. Calculate v(i).
1
Let d = 16 + -10. Let u(i) = 0 - i**3 - 5*i**2 - d*i + 2 + 4*i + i. Calculate u(-5).
7
Let n(t) = 2*t + 1. Suppose 0 = 3*f + 2*l - 62, f + 2*l - 21 + 3 = 0. Suppose 5*b = -2*y + f, -4*b + 21 = 3*y + 2*y. Let w be 2 + -3*(y - -1). Calculate n(w).
-7
Let i be (-4)/3*(2 + -8). Let n(l) = -3 + i*l - 5*l - 5*l. Calculate n(-3).
3
Let t(c) = -39 - 10*c + 27 + 13*c. Determine t(8).
12
Let h(x) = -8*x + 2. Let q(v) = 40*v - 10. Let t(p) = 16*h(p) + 3*q(p). Calculate t(2).
-14
Let o(c) = -6 + 237*c**2 - 456*c**2 + 4*c + 3*c + 220*c**2. Let b = -10 - -5. Calculate o(b).
-16
Let k(n) = 145*n + 1746. Let c be k(-12). Let w(z) = -2*z**3 + 3*z**2 - z + 17. Let s(m) = m**3 - 2*m**2 - 8. Let i(j) = -7*s(j) - 3*w(j). Determine i(c).
-13
Let n(c) = 5*c**2 + 7. Let f(q) = -q**2 + q - 1. Let a(z) = 6*f(z) + n(z). Let t be 1/3 - 71/(-3). Suppose -u = 3*u - t. Calculate a(u).
1
Let p be (-120)/(-16)*2/5. Let v(n) = n**3 - 3*n**2 - n + 1. What is v(p)?
-2
Let o(b) = b + 7. Let y be o(2). Suppose -3*t = 5*s - 2*s + y, 33 = -4*s + 3*t. Let k(i) = i**3 + 6*i**2 + 2*i - 3. Calculate k(s).
-15
Suppose 24 + 48 = -4*p. Let n = 20 + p. Let h(t) = -3*t + n*t + 4*t - t + 1. Calculate h(4).
9
Let c(t) = -t**3 + 5*t**2 + 8*t - 8. Let j be 3*(-1 + 12/4). Let n be c(j). Let b(m) = 0*m**2 + 0*m**3 + 3*m**3 - 2*m - 2*m**3 - n + 6*m**2. What is b(-6)?
8
Let i(g) = 9*g + 9. Let t(c) = -6*c + 0*c + 1 - 2 - 5. Let b(k) = 5*i(k) + 7*t(k). Calculate b(-2).
-3
Let r(y) = y**3 + 2*y**2 - y - 4. Let f(v) = -20*v**2 + v - 1. Let w be f(1). Let d = -18 - w. Suppose -5*g + q - 20 = 0, 5*g + 5*q - d*q = 0. Calculate r(g).
-10
Let b(l) = 16*l + 599. Let c be b(-37). Let y(m) be the first derivative of m**3/3 - 5*m**2/2 - 9*m + 2. Give y(c).
5
Let y(q) = q**2. Let n be y(-3). Let h(j) be the third derivative of -j**5/60 + 3*j**4/8 - 5*j**3/3 - 590*j**2. Calculate h(n).
-10
Let h be (-2 - -1)*(5 + -8). Let p(u) = 10 - 3 - h*u + u + 3*u. Let j(v) = -2*v**2 - 3*v + 3. Let z be j(-3). Give p(z).
1
Let u(g) be the third derivative of -g**6/120 + g**5/10 + g**4/6 + 8*g**3/3 - 23*g**2. Let c be u(7). Let i(o) = -o**3 - 4*o**2 + 3*o + 2. Give i(c).
12
Let j(s) = -105*s**3 - 89*s**2 - 23*s - 142. Let y(g) = 37*g**3 + 30*g**2 + 8*g + 47. Let u(i) = 6*j(i) + 17*y(i). Give u(-24).
-5
Suppose -3*y = 3 + 6. Let k(x) be the second derivative of x**6/360 + x**5/40 - 7*x**3/6 + 30*x. Let a(m) be the second derivative of k(m). What is a(y)?
0
Let t(s) = s**3 - 7*s**2 + 7*s - 8. Suppose 30 = 121*i - 118*i. Let d(z) = z**2 - z. Let a be d(6). Suppose i*m - 5*m - a = 0. Calculate t(m).
-2
Let o(s) = -s**2 - s + 5. Let c be o(-3). Let y(r) = -10*r**2 - r - 1. Give y(c).
-10
Let y be (3/2)/(1/2). Let z(u) = u**2 + 4 + u + y*u**3 - 2 - 4*u**3. Suppose 19*h = 6 + 32. Determine z(h).
0
Let h(r) = 2*r**3 + 6*r**2 - 1. Suppose -24*y - 101 = -5. Calculate h(y).
-33
Let x be (-18)/(-8) + 3/(-12). Let o(l) = -3*l - 1. Let f(s) = -2*s**2 + 13*s + 5. Let c(g) = -f(g) - 4*o(g). Calculate c(x).
5
Suppose 3*l = 3*k - 132, -2*k - 5*l + 74 = -0*k. Suppose -8 = -k*s + 40*s. Let j(t) = t**2 - 2*t - 2. What is j(s)?
6
Suppose 0 = 17*s - 18*s + 1. Let l(r) be the first derivative of 9*r**4/2 - r**3/3 + r**2/2 - r + 2. Give l(s).
17
Let o(m) = -7*m - 4 + 14*m - 2 + 7. Suppose 2*l = -1 + 3. Suppose 0 = -r + l - 3. What is o(r)?
-13
Let q(h) = h**3 + 3*h**2 + h + 4. Let g(r) = -r**3 - 3*r**2 - r - 3. Suppose -3*b + 14 = -4. Let v(o) = b*g(o) + 5*q(o). Determine v(-2).
0
Let j be 19 + -17 - (1 - 4). Let y(f) = 0*f**2 - 5 - j*f - 2 - f**2. Give y(-5).
-7
Let o(c) = 31*c - 140. Let f(d) = 20*d - 92. Let z(j) = 8*f(j) - 5*o(j). Give z(8).
4
Let o(f) = -7*f**3 - 3*f**2 - 1 + 4*f**2 + 15*f**3 + 0*f**2. Let k = 16 + -11. Suppose 0 = k*q - 1 + 6. Determine o(q).
-8
Let w(q) = -3*q**2 + 5*q - 4. Let b(k) be the first derivative of 5*k**3/3 - 5*k**2 + 9*k - 1. Let p(f) = 4*b(f) + 7*w(f). Determine p(-6).
2
Let q be 8/(-14) - (-352)/77. Suppose -q*a + 20 = 0, -a + 15 = -4*v + 2*a. Let l(o) = o**2 - 5. Calculate l(v).
-5
Let l be (-14)/140 + (-11)/(-10). Let k(h) = -9*h + 2. Calculate k(l).
-7
Let l(n) = 6*n**2 - 8*n + 6. Let q(v) = -2*v**2 + 3*v - 2. Let b(r) = -5*l(r) - 14*q(r). Calculate b(-2).
-6
Let x(o) be the second derivative of 0 + 1/2*o**2 - 1/3*o**3 - 2*o. What is x(3)?
-5
Let k be 10/35 + 10/14. Let l be ((-2)/3)/(k/(-3)). Let g(v) = -v + 3*v + 1 - 13*v**l - 3*v. Give g(1).
-13
Let z = 1842 + -1855. Let a(q) = -q**2 - 18*q - 2. Calculate a(z).
63
Let q(x) be the first derivative of x**2/2 + 2*x + 23. Let o be 5/15 + -2 + (-1)/3. Determine q(o).
0
Let